


{"id":34,"date":"2024-12-29T08:55:46","date_gmt":"2024-12-29T07:55:46","guid":{"rendered":"https:\/\/unitesaintgilles.be\/?page_id=34"},"modified":"2025-01-09T20:32:52","modified_gmt":"2025-01-09T19:32:52","slug":"unite-saint-gilles","status":"publish","type":"page","link":"https:\/\/unitesaintgilles.be\/index.php\/unite-saint-gilles\/","title":{"rendered":"Unit\u00e9 Saint-Gilles"},"content":{"rendered":"\n<div class=\"wp-block-media-text has-media-on-the-right is-stacked-on-mobile is-vertically-aligned-top\"><div class=\"wp-block-media-text__content\">\n<p>Le scoutisme en Belgique est une organisation de jeunesse influente et respect\u00e9e, qui offre aux jeunes la possibilit\u00e9 de d\u00e9velopper leurs comp\u00e9tences, de nouer des amiti\u00e9s et de s&rsquo;engager dans leur communaut\u00e9. Il trouve ses racines dans le mouvement mondial fond\u00e9 par Robert Baden-Powell au d\u00e9but du XXe si\u00e8cle et s&rsquo;est rapidement r\u00e9pandu en Belgique. Aujourd&rsquo;hui, plusieurs f\u00e9d\u00e9rations coexistent, les principales \u00e9tant Les Scouts (F\u00e9d\u00e9ration des Scouts Baden-Powell de Belgique), les Guides Catholiques de Belgique, Scouts en Gidsen Vlaanderen, et Les Scouts et Guides Pluralistes de Belgique. Ces f\u00e9d\u00e9rations, bien que distinctes, partagent des valeurs communes telles que le respect de la nature, l&rsquo;engagement social et le d\u00e9veloppement personnel.<\/p>\n<\/div><figure class=\"wp-block-media-text__media\"><img loading=\"lazy\" decoding=\"async\" width=\"1024\" height=\"1024\" src=\"http:\/\/unitesaintgilles.be\/wp-content\/uploads\/2025\/01\/Illustrations-of-scouting-in-Belgium-focusing-on-the-Saint-Gilles-de-Liege-unit-highlighting-its-rich-history-community-engagement-and-educational-activities-1.jpeg\" alt=\"\" class=\"wp-image-88 size-full\" srcset=\"https:\/\/unitesaintgilles.be\/wp-content\/uploads\/2025\/01\/Illustrations-of-scouting-in-Belgium-focusing-on-the-Saint-Gilles-de-Liege-unit-highlighting-its-rich-history-community-engagement-and-educational-activities-1.jpeg 1024w, https:\/\/unitesaintgilles.be\/wp-content\/uploads\/2025\/01\/Illustrations-of-scouting-in-Belgium-focusing-on-the-Saint-Gilles-de-Liege-unit-highlighting-its-rich-history-community-engagement-and-educational-activities-1-300x300.jpeg 300w, https:\/\/unitesaintgilles.be\/wp-content\/uploads\/2025\/01\/Illustrations-of-scouting-in-Belgium-focusing-on-the-Saint-Gilles-de-Liege-unit-highlighting-its-rich-history-community-engagement-and-educational-activities-1-150x150.jpeg 150w, https:\/\/unitesaintgilles.be\/wp-content\/uploads\/2025\/01\/Illustrations-of-scouting-in-Belgium-focusing-on-the-Saint-Gilles-de-Liege-unit-highlighting-its-rich-history-community-engagement-and-educational-activities-1-768x768.jpeg 768w\" sizes=\"auto, (max-width: 1024px) 100vw, 1024px\" \/><\/figure><\/div>\n\n\n\n<p><\/p>\n\n\n\n<div class=\"wp-block-media-text is-stacked-on-mobile\"><figure class=\"wp-block-media-text__media\"><img loading=\"lazy\" decoding=\"async\" width=\"1024\" height=\"1024\" src=\"https:\/\/unitesaintgilles.be\/wp-content\/uploads\/2025\/01\/Illustrations-of-scouting-in-Belgium-focusing-on-the-Saint-Gilles-de-Liege-unit-highlighting-its-rich-history-community-engagement-and-educational-activities.1.jpeg\" alt=\"\" class=\"wp-image-83 size-full\" srcset=\"https:\/\/unitesaintgilles.be\/wp-content\/uploads\/2025\/01\/Illustrations-of-scouting-in-Belgium-focusing-on-the-Saint-Gilles-de-Liege-unit-highlighting-its-rich-history-community-engagement-and-educational-activities.1.jpeg 1024w, https:\/\/unitesaintgilles.be\/wp-content\/uploads\/2025\/01\/Illustrations-of-scouting-in-Belgium-focusing-on-the-Saint-Gilles-de-Liege-unit-highlighting-its-rich-history-community-engagement-and-educational-activities.1-300x300.jpeg 300w, https:\/\/unitesaintgilles.be\/wp-content\/uploads\/2025\/01\/Illustrations-of-scouting-in-Belgium-focusing-on-the-Saint-Gilles-de-Liege-unit-highlighting-its-rich-history-community-engagement-and-educational-activities.1-150x150.jpeg 150w, https:\/\/unitesaintgilles.be\/wp-content\/uploads\/2025\/01\/Illustrations-of-scouting-in-Belgium-focusing-on-the-Saint-Gilles-de-Liege-unit-highlighting-its-rich-history-community-engagement-and-educational-activities.1-768x768.jpeg 768w\" sizes=\"auto, (max-width: 1024px) 100vw, 1024px\" \/><\/figure><div class=\"wp-block-media-text__content\">\n<p>Parmi les nombreuses unit\u00e9s qui composent ces f\u00e9d\u00e9rations, l&rsquo;unit\u00e9 scoute Saint-Gilles de Li\u00e8ge se distingue par son histoire riche et son engagement constant depuis sa fondation en 1928. Situ\u00e9e au c\u0153ur de Li\u00e8ge, cette unit\u00e9 a su \u00e9voluer avec le temps tout en restant fid\u00e8le aux principes fondamentaux du scoutisme. Elle offre aux jeunes de la r\u00e9gion une multitude d&rsquo;activit\u00e9s allant des camps d&rsquo;\u00e9t\u00e9 et excursions en pleine nature aux projets communautaires et ateliers \u00e9ducatifs. L&rsquo;unit\u00e9 Saint-Gilles est particuli\u00e8rement r\u00e9put\u00e9e pour son esprit de camaraderie et son d\u00e9vouement \u00e0 l&rsquo;\u00e9ducation des jeunes \u00e0 travers des m\u00e9thodes actives et participatives.<\/p>\n\n\n\n<p><\/p>\n<\/div><\/div>\n\n\n\n<div class=\"wp-block-media-text has-media-on-the-right is-stacked-on-mobile\"><div class=\"wp-block-media-text__content\">\n<p>Le scoutisme en Belgique, et en particulier des unit\u00e9s comme celle de Saint-Gilles de Li\u00e8ge, joue un r\u00f4le crucial dans la formation des jeunes citoyens responsables et engag\u00e9s. Il s&rsquo;agit d&rsquo;un mouvement dynamique qui continue d&rsquo;inspirer des g\u00e9n\u00e9rations, en mettant l&rsquo;accent sur la d\u00e9couverte de soi, le service \u00e0 autrui et la protection de l&rsquo;environnement. Gr\u00e2ce \u00e0 ces valeurs et \u00e0 la diversit\u00e9 de ses activit\u00e9s, le scoutisme demeure une aventure passionnante et enrichissante pour tous ses membres.<\/p>\n<\/div><figure class=\"wp-block-media-text__media\"><img loading=\"lazy\" decoding=\"async\" width=\"1024\" height=\"1024\" src=\"http:\/\/unitesaintgilles.be\/wp-content\/uploads\/2025\/01\/Illustration-of-scouting-activities-in-Belgium-1.jpeg\" alt=\"\" class=\"wp-image-85 size-full\" srcset=\"https:\/\/unitesaintgilles.be\/wp-content\/uploads\/2025\/01\/Illustration-of-scouting-activities-in-Belgium-1.jpeg 1024w, https:\/\/unitesaintgilles.be\/wp-content\/uploads\/2025\/01\/Illustration-of-scouting-activities-in-Belgium-1-300x300.jpeg 300w, https:\/\/unitesaintgilles.be\/wp-content\/uploads\/2025\/01\/Illustration-of-scouting-activities-in-Belgium-1-150x150.jpeg 150w, https:\/\/unitesaintgilles.be\/wp-content\/uploads\/2025\/01\/Illustration-of-scouting-activities-in-Belgium-1-768x768.jpeg 768w\" sizes=\"auto, (max-width: 1024px) 100vw, 1024px\" \/><\/figure><\/div>\n","protected":false},"excerpt":{"rendered":"<p>Le scoutisme en Belgique est une organisation de jeunesse influente et respect\u00e9e, qui offre aux jeunes la possibilit\u00e9 de d\u00e9velopper leurs comp\u00e9tences, de nouer des &hellip;<\/p>\n","protected":false},"author":2,"featured_media":0,"parent":0,"menu_order":1,"comment_status":"closed","ping_status":"closed","template":"","meta":{"footnotes":""},"class_list":["post-34","page","type-page","status-publish","hentry"],"_links":{"self":[{"href":"https:\/\/unitesaintgilles.be\/index.php\/wp-json\/wp\/v2\/pages\/34","targetHints":{"allow":["GET"]}}],"collection":[{"href":"https:\/\/unitesaintgilles.be\/index.php\/wp-json\/wp\/v2\/pages"}],"about":[{"href":"https:\/\/unitesaintgilles.be\/index.php\/wp-json\/wp\/v2\/types\/page"}],"author":[{"embeddable":true,"href":"https:\/\/unitesaintgilles.be\/index.php\/wp-json\/wp\/v2\/users\/2"}],"replies":[{"embeddable":true,"href":"https:\/\/unitesaintgilles.be\/index.php\/wp-json\/wp\/v2\/comments?post=34"}],"version-history":[{"count":5,"href":"https:\/\/unitesaintgilles.be\/index.php\/wp-json\/wp\/v2\/pages\/34\/revisions"}],"predecessor-version":[{"id":91,"href":"https:\/\/unitesaintgilles.be\/index.php\/wp-json\/wp\/v2\/pages\/34\/revisions\/91"}],"wp:attachment":[{"href":"https:\/\/unitesaintgilles.be\/index.php\/wp-json\/wp\/v2\/media?parent=34"}],"curies":[{"name":"wp","href":"https:\/\/api.w.org\/{rel}","templated":true}]}}